 18*p - 5. Suppose 2*u + 23 + 19 = 0. List the prime factors of r(u).
2, 29
Let n(d) = -9*d**3 - 23*d**2 + 16*d + 14. List the prime factors of n(-6).
2, 11, 47
Let a be 2 + -2 - (3 - 281). Suppose 3*b - 1263 = -2*s, -b + s + 143 + a = 0. Suppose 7*r + 169 = b. List the prime factors of r.
2, 3
Let c be (-20)/(-3)*(-24)/(-20). Suppose 0 = c*i - 199 - 633. What are the prime factors of i?
2, 13
Suppose 0 = -3*b + b + 5*l + 13, 11 = 3*b + l. Suppose -t - 2*t = -6, s - b*t = 64. Suppose 7*f = 4*f + s. List the prime factors of f.
2, 3
Suppose 0 = 4*r - 8*r, -4*r + 4242 = 2*u. List the prime factors of u.
3, 7, 101
Let p(f) = f**2 + 38*f - 160. List the prime factors of p(-48).
2, 5
Suppose 3*n = -80*b + 76*b + 21816, -5*b - n + 27281 = 0. List the prime factors of b.
3, 17, 107
Let k be 34/(-9) - (-30)/(-135). Suppose -5*t + 13 = -4*p - 20, -3*t + 11 = 2*p. List the prime factors of k/(-16)*p*-14.
7
Suppose -r + 5*d = -29 - 79, 360 = 4*r - 2*d. List the prime factors of r.
2, 11
Suppose -5*x - 2 = -3*w + 1, 0 = 5*x + 5*w - 5. Suppose x = 2*p - 7 - 5. What are the prime factors of (-389)/(-9) - p/27?
43
Suppose -d + 1477 = 3*i + d, 494 = i + d. What are the prime factors of i?
3, 163
Let o(t) = -40 + 19 + 3*t + 9. Suppose -2*n = 5*f - 22, -23 - 21 = -4*n - 2*f. List the prime factors of o(n).
3, 7
Suppose -92 - 57 = -u. What are the prime factors of u?
149
Let l(t) = -69*t - 4. List the prime factors of l(-2).
2, 67
Let a be 1/((-6)/9 + 1). Let l(y) = -19*y + 5*y + 9*y + 8*y - 1 + 7*y**2. List the prime factors of l(a).
71
Suppose -10 = -g - 8. Suppose a = -4*s + 35, -g*s + 0*a - a + 19 = 0. Let k = -2 + s. What are the prime factors of k?
2, 3
Suppose -465 = -10*b + 5*b. Suppose -5*n - b = -s - s, 0 = -5*s + 5*n + 255. What are the prime factors of s?
2, 3
Let v = 43 - 49. List the prime factors of (-8)/v - (-300)/18.
2, 3
Let r(y) = -y**3 - y**2 + 3*y + 2*y**2 + 3*y**2 - 5 + 2*y. Let d be r(5). Let a = 15 - d. List the prime factors of a.
2, 5
Suppose -6*n - 10 = -40. Suppose -3*m + 4*m - 3*j - 118 = 0, 78 = m + n*j. What are the prime factors of m?
103
Let m(k) be the second derivative of -k**6/720 - 7*k**5/120 - k**4/6 - 5*k. Let i(x) be the third derivative of m(x). What are the prime factors of i(-9)?
2
Let h = -167 - 10. Let w = -82 - h. What are the prime factors of w?
5, 19
What are the prime factors of -2709*(110/(-30) - -3)?
2, 3, 7, 43
Suppose -s - 161 = -0*s. Let a be (-12)/12 - s/1. List the prime factors of (-6)/((-4)/a*6).
2, 5
Suppose 4*v + 7*z = 2*z - 23, 4*z + 2 = 5*v. Let q = -41 + 24. What are the prime factors of 11/(-22) + q/v?
2
Suppose -112 = -w - 5*l, -4*w + 7*w - 302 = 2*l. List the prime factors of w.
2, 3, 17
Suppose -13*w = -16*w + 18. What are the prime factors of ((-16)/w)/(5 - (-2185)/(-435))?
2, 29
Let d(l) = -l**2 - 9*l + 10. Let y be d(-10). Suppose y = -2*h - 110 + 6. Let n = 95 + h. List the prime factors of n.
43
Suppose -5989 = -2*m + d, -2*m - 3*d + 3648 + 2345 = 0. List the prime factors of m.
5, 599
Suppose 10 + 2 = l + 3*a, 0 = -4*a + 16. Suppose -4*t + 163 = -17. Suppose -4*w + 5*x + 114 = 31, -2*w - x + t = l. What are the prime factors of w?
2, 11
Suppose -x + 114 = 4*u, 2*x + 3*u = -0*u + 248. List the prime factors of x/(-15)*30/(-5).
2, 13
Suppose -15 = 5*m, -5*m = -g + 138 + 3315. List the prime factors of g.
2, 3, 191
Suppose 3*x = -2*x + 45. Suppose 5*c - x*c = -44. Let k = c + -8. What are the prime factors of k?
3
Let o = 145 + -106. Suppose -i + t + o = 0, -4*i - 5*t + 2*t = -191. List the prime factors of i.
2, 11
Let d(n) = -2*n - 7. Let u be d(-5). Let l(q) = -6*q + 24*q**2 + u*q + 5*q - 1. List the prime factors of l(1).
5
Let m be 1 - -2 - (-24)/(-8). Let k be m/((-2 + -3)/(-5)). Suppose k = -5*g + 91 + 109. List the prime factors of g.
2, 5
Suppose 3*y + 1254 - 524 = 2*x, 0 = 5*x - y - 1851. What are the prime factors of x?
7, 53
Let q(z) = 5*z**2 - 6*z + 6. Let l(t) = -t + 12. Let m be l(9). Suppose -2*r + 4*r - 30 = -5*f, -m*f - 3 = -3*r. What are the prime factors of q(f)?
2, 31
Suppose 300 - 60 = 5*r. Let q(y) = r - 5 - 3*y - 2 + 6. List the prime factors of q(0).
47
Let f(a) = 0 - 4*a - 5*a + 0 - 1. Let i be f(-1). Suppose 5*s = -h + i + 11, 2*h = 2*s + 98. What are the prime factors of h?
2, 11
List the prime factors of 1372 - (0/(-5 + 11))/3.
2, 7
Suppose n + 311 = 4*f, 4*n + 0*n - 178 = -2*f. What are the prime factors of f?
79
Suppose 3*m = -3*s + 15 + 6, 2*s + 11 = 3*m. Suppose -4*u - 87 = -5*c, -c + s*u = -5*c + 54. What are the prime factors of c?
3, 5
Suppose 22*z - 27*z = -10. Suppose 9*f - 176 = -z*f. List the prime factors of f.
2
Let c be (-3 - (-38)/14) + 4492/(-7). What are the prime factors of 8/28 + c/(-7)?
2, 23
Let y(v) = 409*v - 11. Let u(a) = -136*a + 4. Let o(n) = 8*u(n) + 3*y(n). Let j be o(1). What are the prime factors of j/7 - 6/(-21)?
2, 5
Let r = -154 + 93. Let u = r + 109. What are the prime factors of u?
2, 3
Suppose 5*p = -0*p + 15. Suppose 5*x = -p*t + 32, -1 + 5 = -4*t + 5*x. Suppose 2*a = 4*a - t. List the prime factors of a.
2
Let g(l) = 167 + 105 - 2*l**3 - 87 + 0*l**3. What are the prime factors of g(0)?
5, 37
Suppose 4*n = n + 6. Let h = -188 + 268. Suppose 4*o - h = 4*t, -n*o - t = -o - 16. List the prime factors of o.
2, 3
Let t(p) = p**2 - 6*p + 69. What are the prime factors of t(20)?
349
Suppose -95 = -z + 5*u, 57 = z + 3*u - 62. Let v = 299 - z. List the prime factors of v.
3, 7
Suppose 269 = 5*u - 3*q, -3*u + q + 218 = u. Let v = u - -11. What are the prime factors of v?
2, 3, 11
Let u be (-1*7)/(4 + -5) + -2. Suppose -4*t + 8 + 4 = 0. Suppose -2*w + 0*w + 2*r = -14, u*w - t = -3*r. List the prime factors of w.
3
Suppose 10614 = 256*r - 253*r. What are the prime factors of r?
2, 29, 61
Let f(a) = 11*a**2 + 35*a - 211. What are the prime factors of f(14)?
5, 487
Let s = 2461 - 586. List the prime factors of s.
3, 5
Let m(i) = -5*i**2 + 5*i. Let s be m(2). List the prime factors of 1758/21 + s/(-35).
2, 3, 7
Let q(c) = c**3 + 10*c**2 - 4*c + 2. Let o be q(-11). Let g = o + 109. List the prime factors of g.
2, 17
Suppose 4056 = 11*m + m. What are the prime factors of m?
2, 13
Suppose 4*q = 2*b + 76, 18 = q - 3*b + 2*b. Let g be (-5)/q + (-318)/8. Let o = g + 58. List the prime factors of o.
2, 3
Let x(l) = -l**2 - 17*l + 6. Let i(f) = f**3 - 11*f**2 + 8*f + 3. Let j be i(10). What are the prime factors of x(j)?
2, 3
Let y = 19 - 13. Let v = y - 0. What are the prime factors of v + -3 + -1 + 2?
2
Let l(j) = 19*j + 31. Let g be l(5). Let p = g - 25. List the prime factors of p.
101
Let f be 3/(-9) - (-32)/6. Suppose -f*i = -i - 352. Suppose 0*j + 2*j = -3*r + i, 4 = 2*j. What are the prime factors of r?
2, 7
Suppose 0 = -2*j, k - 13 - 7 = -4*j. Let d be k*(1 + -2 + 10). Suppose -20*h + d = -16*h. What are the prime factors of h?
3, 5
Let z(q) = -37*q + 41. List the prime factors of z(-6).
263
Suppose 3*a + 18 = w, -3*a = 2*w - 7*w + 66. What are the prime factors of -3*1/w + 341/4?
5, 17
Suppose 13*k = 960 + 275. What are the prime factors of k?
5, 19
Let d be ((-2)/(-4))/((-20)/(-120)). Suppose -5*t + 81 = -v, 22 = t + t - d*v. What are the prime factors of t?
17
Let k be 5/((-10)/(-4)) + (47 - 1). Let u = -32 + k. What are the prime factors of u?
2
Let n(o) = o - 3. Suppose -28 = -4*x - 0*x. Let c be n(x). Suppose -28 = -c*y + 16. List the prime factors of y.
11
Let y = 54 + -26. Suppose -3*l + y = v, 3*v + 5*l - 100 = -0*v. Suppose g - 1 - v = 0. List the prime factors of g.
41
Let f = 9 - 4. Let v(d) = 7*d**2 - 5*d + d**3 - 7 - 2*d**2 - 8*d**2. List the prime factors of v(f).
2, 3
Let c = 47 + -22. Let u = c - 9. What are the prime factors of u?
2
Suppose 1111 = 5*u - 744. Let c = 534 - u. List the prime factors of c.
163
Let u(o) = -o**2 - o + 1. Let h be u(0). Let a be h/((-9)/(-21))*33. Suppose -3*w + a = g, 0*w = -4*w + 3*g + 120. List the prime factors of w.
3
Let k(o) = 11*o - 1. Let u be k(5). Let l = u + -17. What are the prime factors of l?
37
Let d = 1023 - 926. What are the prime factors of d?
97
Let y = 66 + -46. Suppose -2*l - 3*l + y = 0. Suppose -4*f + 9*f - 5*m = 30, l*f + 4*m - 40 = 0. What are the prime factors of f?
2
Suppose 3*p = -5*i + 237 + 106, i = -p + 113. Suppose 0 = 3*d - 3*j - p, -j + 49 = d + 2*j. List th